False
Is 1157 composite?
True
Is 14251 composite?
False
Is 51673 composite?
False
Is 109717 prime?
True
Is 33599 composite?
False
Is 102605 prime?
False
Is 527441 a prime number?
True
Is 38993 prime?
True
Is 1269113 composite?
False
Is 5519 composite?
False
Is 4861 prime?
True
Is 150446 prime?
False
Is 4327 composite?
False
Is 734831 a composite number?
True
Is 719 composite?
False
Is 111143 composite?
False
Is 138401 prime?
True
Is 46021 prime?
True
Is 58655 prime?
False
Is 271493 prime?
False
Is 10497 a prime number?
False
Is 20477 composite?
False
Is 24627 prime?
False
Is 24241 prime?
False
Is 87621 a composite number?
True
Is 33959 a prime number?
False
Is 3407 a composite number?
False
Is 15467 a composite number?
False
Is 29649 composite?
True
Is 2829323 a composite number?
True
Is 3437 composite?
True
Is 13163 a composite number?
False
Is 582317 prime?
True
Is 24643 a composite number?
True
Is 57929 a composite number?
True
Is 907 a prime number?
True
Is 31219 a prime number?
True
Is 747521 a prime number?
True
Is 36641 a prime number?
False
Is 8321 prime?
False
Is 159949 a prime number?
False
Is 719 a prime number?
True
Is 5953 composite?
False
Is 9589 a composite number?
True
Is 103063 a composite number?
True
Is 106207 a composite number?
False
Is 210953 prime?
False
Is 14893 composite?
True
Is 528571 composite?
True
Is 41485 a prime number?
False
Is 47543 a prime number?
True
Is 2411 a prime number?
True
Is 127 prime?
True
Is 59434 a prime number?
False
Is 121358 prime?
False
Is 14849 a composite number?
True
Is 9127 a prime number?
True
Is 1399 a prime number?
True
Is 2819 a composite number?
False
Is 9391 prime?
True
Is 3692449 composite?
False
Is 6899 a prime number?
True
Is 1186693 composite?
False
Is 204313 a prime number?
False
Is 1463449 composite?
True
Is 1629071 composite?
False
Is 46481 composite?
True
Is 75902 a prime number?
False
Is 45053 a composite number?
False
Is 8461 a composite number?
False
Is 743801 prime?
False
Is 297659 a composite number?
False
Is 32531 prime?
True
Is 27079 prime?
False
Is 82123 prime?
False
Is 1819471 prime?
True
Is 13315 prime?
False
Is 1291861 prime?
True
Is 7169 a prime number?
False
Is 1250609 prime?
True
Is 4109 a prime number?
False
Is 2329 a composite number?
True
Is 2804162 composite?
True
Is 398669 a composite number?
False
Is 1393 composite?
True
Is 14047 composite?
True
Is 1657 prime?
True
Is 28889 a composite number?
True
Is 52519 a prime number?
False
Is 16689 composite?
True
Is 583003 a composite number?
True
Is 1636001 composite?
False
Is 3453 a prime number?
False
Is 2167 composite?
True
Is 172649 a composite number?
False
Is 4247 a composite number?
True
Is 1120051 a prime number?
True
Is 20653 prime?
False
Is 307441 a prime number?
False
Is 209747 a prime number?
False
Is 19 composite?
False
Is 26681 prime?
True
Is 34093 composite?
True
Is 842773 composite?
True
Is 248813 prime?
True
Is 209809 a composite number?
False
Is 4198 prime?
False
Is 12219 a prime number?
False
Is 41771 composite?
False
Is 2972503 prime?
True
Is 6211 composite?
False
Is 7709 composite?
True
Is 901 a prime number?
False
Is 9377 a prime number?
True
Is 326309 prime?
True
Is 422891 a composite number?
True
Is 73517 a prime number?
True
Is 32297 composite?
False
Is 488687 prime?
True
Is 306023 a composite number?
False
Is 1591063 prime?
False
Is 2518 a composite number?
True
Is 43019 composite?
False
Is 1060513 prime?
True
Is 7123 a composite number?
True
Is 641141 a prime number?
False
Is 54521 composite?
False
Is 184003 a composite number?
False
Is 5507 a composite number?
False
Is 2939 a composite number?
False
Is 20067 a composite number?
True
Is 13306 prime?
False
Is 70271 composite?
False
Is 5541 composite?
True
Is 5623 composite?
False
Is 189307 prime?
True
Is 114857 a prime number?
False
Is 170494 prime?
False
Is 122809 a composite number?
True
Is 18391 prime?
False
Is 932303 composite?
False
Is 207939 a prime number?
False
Is 224699 a prime number?
True
Is 9293 a composite number?
False
Is 87697 a prime number?
True
Is 11978459 a prime number?
True
Is 176411 a prime number?
False
Is 39626 a prime number?
False
Is 3821 a prime number?
True
Is 92237 prime?
True
Is 234383 a prime number?
True
Is 57489 prime?
False
Is 52651 prime?
False
Is 1391761 a prime number?
False
Is 21955 prime?
False
Is 28901 composite?
False
Is 80471 a composite number?
False
Is 184211 a prime number?
True
Is 193201 composite?
False
Is 33481 a prime number?
False
Is 30289 composite?
True
Is 274889 a prime number?
True
Is 2046781 a composite number?
True
Is 24281 composite?
False
Is 4583 composite?
False
Is 67829 prime?
True
Is 70289 a composite number?
False
Is 22141 composite?
True
Is 19835 composite?
True
Is 24281 prime?
True
Is 13111 a composite number?
True
Is 15359 prime?
True
Is 64123 a prime number?
True
Is 1140094 prime?
False
Is 120749 prime?
True
Is 56369 a prime number?
True
Is 2237 composite?
False
Is 42335 prime?
False
Is 69413 composite?
True
Is 816922 prime?
False
Is 22107 prime?
False
Is 4421 prime?
True
Is 207167 prime?
False
Is 9649 prime?
True
Is 34483 composite?
False
Is 44003 prime?
False
Is 10246369 prime?
False
Is 4759081 a prime number?
True
Is 227593 a prime number?
True
Is 22615 composite?
True
Is 21233 composite?
True
Is 53047 composite?
False
Is 371719 composite?
False
Is 14667793 a prime number?
False
Is 69397 a prime number?
False
Is 5079 composite?
True
Is 111107 a composite number?
True
Is 21557 a composite number?
False
Is 31102 a prime number?
False
Is 968777 composite?
True
Is 33247 prime?
True
Is 467261 a composite number?
False
Is 135715 a prime number?
False
Is 304301 composite?
False
Is 1182847 composite?
False
Is 99539 composite?
True
Is 547171 a prime number?
True
Is 12781 a prime number?
True
Is 127045 prime?
False
Is 53267 a composite number?
False
Is 15727 a prime number?
True
Is 4441 a composite number?
False
Is 50537 composite?
True
Is 370871 prime?
True
Is 810937 prime?
False
Is 49597 composite?
False
Is 1036505 a prime number?
False
Is 12787 prime?
False
Is 138049 prime?
False
Is 58449 a composite number?
True
Is 33619 composite?
False
Is 20593 prime?
True
Is 80897 a prime number?
True
Is 6733 prime?
True
Is 101333 a composite number?
False
Is 10427 a prime number?
True
Is 10301 composite?
False
Is 14777 composite?
True
Is 9941 a composite number?
False
Is 304091 prime?
True
Is 1249 a prime number?
True
Is 111029 a composite number?
False
Is 10531 prime?
True
Is 98773 composite?
False
Is 121523 prime?
True
Is 10427 a composite number?
False
Is 638371 composite?
False
Is 40423 prime?
True
Is 19011 composite?
True
Is 713467 composite?
False
Is 984199 a prime number?
True
Is 9527 prime?
False
Is 37627 prime?
False
Is 304049 a prime number?
True
Is 30449 composite?
False
Is 17513 a composite number?
True
Is 593839 a prime number?
True
Is 15233 a prime number?
True
Is 1814 a prime number?
False
Is 25507 prime?
False
Is 3607 prime?
True
Is 73181 a prime number?
True
Is 102137 a composite number?
True
Is 815 composite?
True
Is 7339 composite?
True
Is 64151 prime?
True
Is 1357103 a prime number?
False
Is 92327 prime?
False
Is 14077 prime?
False
Is 136057 prime?
True
Is 11029 a prime number?
False
Is 1361 prime?
True
Is 241427 composite?
True
Is 236699 a composite number?
False
Is 2751139 composite?
True
Is 350281 prime?
True
Is 114187 a composite number?
True
Is 104833 composite?
True
Is 16033 composite?
False
Is 10771 prime?
True
Is 722197 composite?
True
Is 302009 prime?
True
Is 424397 composite?
False
Is 100171 a composite number?
True
Is 347 prime?
True
Is 803441 prime?
True
Is 42059 prime?
False
Is 1137 a prime number?
False
Is 54163 a composite number?
False
Is 5241 a composite number?
True
Is 532361 composite?
True
Is 58549 composite?
False
Is 54433 a composite number?
True
Is 62081 composite?
False
Is 62897 composite?
False
Is 293599 composite?
False
Is 9901 a prime number?
True
Is 272603 a prime number?
True
Is 570461 composite?
False
Is 26473 a prime number?
False
Is 311114 prime?
False
Is 371897 a composite number?
False
Is 44771 composite?
False
Is 5723 a prime number?
False
Is 17159 prime?
True
Is 52259 composite?
False
Is 71387 prime?
True
Is 61751 a composite numb